 2?
2
Calculate the greatest common divisor of 91 and 26.
13
What is the highest common factor of 40349 and 157?
157
What is the highest common factor of 69 and 78?
3
What is the highest common divisor of 12 and 492?
12
What is the greatest common factor of 13 and 377?
13
Calculate the greatest common factor of 52 and 169.
13
What is the highest common factor of 896 and 56?
56
Calculate the highest common divisor of 74911 and 23.
23
Calculate the highest common factor of 10503 and 81.
27
What is the greatest common factor of 108 and 3288?
12
Calculate the greatest common factor of 19686 and 102.
102
What is the greatest common divisor of 34 and 6?
2
Calculate the greatest common divisor of 112 and 322.
14
What is the highest common factor of 11611 and 17?
17
What is the highest common factor of 476 and 56?
28
What is the highest common factor of 32 and 352?
32
What is the highest common divisor of 800 and 352?
32
What is the greatest common factor of 38 and 6878?
38
Calculate the greatest common divisor of 128 and 16.
16
Calculate the highest common divisor of 285 and 165.
15
Calculate the greatest common divisor of 61 and 1647.
61
What is the highest common factor of 18 and 12?
6
What is the highest common divisor of 35 and 91?
7
What is the greatest common divisor of 3 and 309?
3
Calculate the highest common divisor of 119 and 2873.
17
Calculate the greatest common divisor of 2924 and 215.
43
What is the greatest common divisor of 9410 and 40?
10
Calculate the greatest common divisor of 682 and 242.
22
Calculate the highest common divisor of 350 and 2030.
70
What is the highest common factor of 136 and 8?
8
What is the greatest common factor of 469 and 21?
7
Calculate the greatest common factor of 14 and 12166.
14
Calculate the greatest common divisor of 64 and 12960.
32
What is the highest common divisor of 368 and 128?
16
Calculate the highest common factor of 1 and 173.
1
What is the greatest common divisor of 1855 and 140?
35
Calculate the highest common factor of 144 and 120.
24
What is the highest common factor of 93 and 3999?
93
What is the highest common divisor of 338 and 130?
26
Calculate the greatest common divisor of 209 and 22.
11
What is the greatest common factor of 73 and 2?
1
What is the greatest common factor of 24 and 2616?
24
What is the greatest common divisor of 150 and 160?
10
What is the greatest common divisor of 4107 and 111?
111
What is the greatest common divisor of 1755 and 26?
13
Calculate the highest common factor of 20 and 305.
5
Calculate the highest common divisor of 615 and 1599.
123
What is the highest common divisor of 36 and 16380?
36
What is the highest common factor of 4 and 20?
4
Calculate the greatest common divisor of 143 and 91.
13
Calculate the greatest common factor of 37902 and 6.
6
What is the greatest common divisor of 18 and 2034?
18
What is the highest common divisor of 1943 and 29?
29
What is the greatest common factor of 21 and 1344?
21
Calculate the highest common divisor of 295 and 380.
5
What is the highest common divisor of 83 and 11537?
83
Calculate the highest common divisor of 278 and 139.
139
Calculate the greatest common factor of 2911 and 41.
41
Calculate the highest common divisor of 3627 and 702.
117
What is the greatest common factor of 299 and 437?
23
Calculate the highest common divisor of 8436 and 1924.
148
What is the highest common divisor of 3684 and 12?
12
What is the greatest common divisor of 2904 and 3036?
132
Calculate the greatest common divisor of 192 and 12.
12
Calculate the highest common divisor of 301 and 1118.
43
What is the highest common factor of 3102 and 66?
66
Calculate the highest common factor of 33 and 3.
3
Calculate the greatest common divisor of 161 and 21.
7
Calculate the greatest common factor of 32 and 122.
2
Calculate the greatest common factor of 14000 and 224.
112
What is the greatest common divisor of 4272 and 48?
48
What is the greatest common divisor of 34 and 3706?
34
What is the highest common divisor of 11 and 924?
11
Calculate the greatest common divisor of 190 and 76.
38
What is the greatest common divisor of 79044 and 84?
84
Calculate the highest common factor of 2952 and 72.
72
Calculate the greatest common divisor of 46 and 1334.
46
What is the greatest common factor of 54 and 84?
6
What is the greatest common factor of 38 and 190?
38
Calculate the highest common divisor of 30 and 3435.
15
What is the highest common divisor of 2 and 24?
2
What is the greatest common divisor of 30 and 710?
10
What is the greatest common divisor of 98 and 4662?
14
Calculate the highest common factor of 50 and 1010.
10
What is the greatest common factor of 10 and 730?
10
What is the highest common divisor of 38 and 380?
38
Calculate the greatest common factor of 805 and 4600.
115
Calculate the greatest common divisor of 1335 and 90.
15
Calculate the highest common divisor of 6 and 513.
3
Calculate the greatest common divisor of 100 and 12050.
50
Calculate the greatest common divisor of 576 and 1008.
144
What is the greatest common factor of 4 and 2108?
4
Calculate the greatest common factor of 18 and 4.
2
What is the highest common divisor of 342 and 76?
38
What is the highest common factor of 3 and 10602?
3
What is the greatest common divisor of 68 and 391?
17
Calculate the greatest common divisor of 57 and 152.
19
What is the greatest common factor of 132 and 15?
3
Calculate the highest common factor of 660 and 16280.
220
Calculate the highest common divisor of 179 and 31325.
179
Calculate the greatest common factor of 253 and 44.
11
What is the greatest common factor of 20 and 28460?
20
What is the highest common factor of 75 and 100?
25
Calculate the highest common factor of 183 and 9.
3
What is the highest common factor of 2136 and 24?
24
Calculate the greatest common divisor of 103 and 56341.
103
What is the highest common factor of 1102 and 986?
58
Calculate the greatest common divisor of 2535 and 39.
39
What is the greatest common factor of 15 and 6915?
15
Calculate the highest common factor of 6109 and 41.
41
Calculate the greatest common factor of 490 and 20.
10
Calculate the highest common factor of 204 and 323.
17
What is the highest common factor of 119 and 3281?
17
What is the greatest common factor of 14 and 752?
2
What is the highest common factor of 159 and 371?
53
Calculate the greatest common divisor of 1098 and 61.
61
Calculate the greatest common factor of 2380 and 224.
28
Calculate the highest common factor of 119 and 34.
17
Calculate the greatest common divisor of 1547 and 91.
91
What is the highest common divisor of 132 and 12?
12
Calculate the highest common divisor of 4 and 779.
1
What is the highest common factor of 2 and 206?
2
What is the greatest common factor of 2244 and 66?
66
What is the highest common factor of 2519 and 11?
11
What is the greatest common factor of 8 and 9608?
8
Calculate the highest common factor of 136 and 374.
34
Calculate the greatest common factor of 6070 and 70.
10
Calculate the highest common divisor of 233 and 3728.
233
What is the highest common factor of 56 and 8?
8
Calculate the greatest common divisor of 658 and 14.
14
Calculate the highest common divisor of 265 and 159.
53
What is the highest common factor of 1395 and 45?
45
What is the greatest common divisor of 299 and 143?
13
What is the greatest common divisor of 10 and 55?
5
Calculate the greatest common factor of 5 and 635.
5
Calculate the greatest common factor of 12 and 1220.
4
Calculate the greatest common divisor of 178 and 2403.
89
What is the greatest common divisor of 276 and 460?
92
What is the greatest common divisor of 13 and 9?
1
What is the greatest common divisor of 70 and 1925?
35
Calculate the highest common divisor of 26 and 4.
2
What is the greatest common divisor of 8 and 8720?
8
Calculate the greatest common factor of 1364 and 110.
22
What is the greatest common divisor of 350 and 440?
10
What is the highest common divisor of 3 and 57?
3
Calculate the greatest common factor of 8 and 2648.
8
What is the highest common factor of 1344 and 21?
21
Calculate the greatest common divisor of 4114 and 68.
34
What is the highest common divisor of 1083 and 57?
57
What is the highest common factor of 16 and 37040?
16
Calcul